{"id":1109,"date":"2025-04-14T11:20:09","date_gmt":"2025-04-14T11:20:09","guid":{"rendered":"https:\/\/metalogenia.org.br\/2025\/?page_id=1109"},"modified":"2025-07-14T20:26:06","modified_gmt":"2025-07-14T20:26:06","slug":"cronograma","status":"publish","type":"page","link":"https:\/\/metalogenia.org.br\/2025\/cronograma\/","title":{"rendered":"Cronograma"},"content":{"rendered":"[et_pb_section fb_built=&#8221;1&#8243; fullwidth=&#8221;on&#8221; _builder_version=&#8221;4.27.4&#8243; _module_preset=&#8221;default&#8221; bottom_divider_color=&#8221;#fbfae8&#8243; bottom_divider_height=&#8221;50px&#8221; global_colors_info=&#8221;{}&#8221;][et_pb_fullwidth_header title=&#8221;CRONOGRAMA&#8221; _builder_version=&#8221;4.27.4&#8243; _module_preset=&#8221;default&#8221; title_font=&#8221;|800|||||||&#8221; title_text_align=&#8221;center&#8221; title_font_size=&#8221;48px&#8221; background_color=&#8221;#157176&#8243; background_image=&#8221;https:\/\/metalogenia.org.br\/2025\/wp-content\/uploads\/2025\/04\/topo-pag-internas.jpg&#8221; custom_padding=&#8221;55px||49px|||&#8221; title_font_size_tablet=&#8221;48px&#8221; title_font_size_phone=&#8221;33px&#8221; title_font_size_last_edited=&#8221;on|phone&#8221; title_text_shadow_style=&#8221;preset2&#8243; global_colors_info=&#8221;{}&#8221;][\/et_pb_fullwidth_header][\/et_pb_section][et_pb_section fb_built=&#8221;1&#8243; _builder_version=&#8221;4.27.4&#8243; _module_preset=&#8221;default&#8221; background_image=&#8221;https:\/\/metalogenia.org.br\/2025\/wp-content\/uploads\/2025\/04\/bg-pedra-claro.jpg&#8221; parallax=&#8221;on&#8221; parallax_method=&#8221;off&#8221; background_blend=&#8221;multiply&#8221; custom_padding=&#8221;0px|||||&#8221; global_colors_info=&#8221;{}&#8221;][et_pb_row _builder_version=&#8221;4.27.4&#8243; _module_preset=&#8221;default&#8221; custom_margin=&#8221;||||false|false&#8221; custom_padding=&#8221;||0px||false|false&#8221; global_colors_info=&#8221;{}&#8221;][et_pb_column type=&#8221;4_4&#8243; _builder_version=&#8221;4.27.4&#8243; _module_preset=&#8221;default&#8221; global_colors_info=&#8221;{}&#8221;][et_pb_divider color=&#8221;#D99848&#8243; divider_weight=&#8221;6px&#8221; _builder_version=&#8221;4.27.4&#8243; _module_preset=&#8221;default&#8221; custom_margin=&#8221;-27px||||false|false&#8221; custom_padding=&#8221;0px||0px||false|false&#8221; global_colors_info=&#8221;{}&#8221;][\/et_pb_divider][\/et_pb_column][\/et_pb_row][et_pb_row disabled_on=&#8221;off|off|off&#8221; _builder_version=&#8221;4.25.1&#8243; _module_preset=&#8221;default&#8221; custom_padding=&#8221;6px|||||&#8221; global_colors_info=&#8221;{}&#8221;][et_pb_column type=&#8221;4_4&#8243; _builder_version=&#8221;4.23.1&#8243; _module_preset=&#8221;default&#8221; global_colors_info=&#8221;{}&#8221;][et_pb_text _builder_version=&#8221;4.27.4&#8243; _module_preset=&#8221;default&#8221; text_font=&#8221;|600|||||||&#8221; text_font_size=&#8221;17px&#8221; custom_padding=&#8221;42px|||||&#8221; global_colors_info=&#8221;{}&#8221;]\n<div class=\"su-table su-table-alternate\">\n<table>\n<tbody>\n<tr>\n<td style=\"text-align: center;width: 106px\"><strong>16\/06\/2025<\/strong><\/td>\n<td style=\"text-align: center\">Data limite para submiss\u00e3o de resumo para sess\u00e3o de p\u00f4steres ou sess\u00e3o oral.<\/td>\n<\/tr>\n<tr>\n<td style=\"text-align: center;width: 106px\"><strong>25\/06\/2025<\/strong><\/td>\n<td style=\"text-align: center\">Data limite para Comiss\u00e3o Cient\u00edfica enviar parecer e solicitar ressalva aos autores (caso necess\u00e1rio).<\/td>\n<\/tr>\n<tr>\n<td style=\"text-align: center;width: 106px\"><strong>30\/06\/2025<\/strong><\/td>\n<td style=\"text-align: center\">Data limite para os Autor(es) enviarem o resumo com as altera\u00e7\u00f5es solicitadas no parecer (se necess\u00e1rio).<\/td>\n<\/tr>\n<tr>\n<td style=\"text-align: center;width: 106px\"><strong>07\/07\/2025<\/strong><\/td>\n<td style=\"text-align: center\">Comiss\u00e3o Cient\u00edfica envia comunica\u00e7\u00e3o final aos autores com informe dos trabalhos aprovados e reprovados e a forma de apresenta\u00e7\u00e3o (oral\/p\u00f4ster).<\/td>\n<\/tr>\n<tr>\n<td style=\"text-align: center;width: 106px\"><strong>14\/07\/2025<\/strong><\/td>\n<td style=\"text-align: center\">Data limite para pagamento da Taxa de Inscri\u00e7\u00e3o pelos apresentadores que tiveram o trabalho aceito para que o mesmo seja inserido na Programa\u00e7\u00e3o do Simp\u00f3sio.<\/td>\n<\/tr>\n<tr>\n<td style=\"text-align: center;width: 106px\"><strong>18\/07\/2025<\/strong><\/td>\n<td style=\"text-align: center\">Divulga\u00e7\u00e3o no site da programa\u00e7\u00e3o oficial das apresenta\u00e7\u00f5es orais e p\u00f4steres.<\/td>\n<\/tr>\n<\/tbody>\n<\/table>\n<\/div>\n[\/et_pb_text][et_pb_button button_url=&#8221;https:\/\/www.hbatools.com.br\/__2022&#8243; url_new_window=&#8221;on&#8221; button_text=&#8221;CLIQUE AQUI PARA SUBMETER SEU TRABALHO&#8221; button_alignment=&#8221;center&#8221; disabled_on=&#8221;on|on|on&#8221; _builder_version=&#8221;4.27.4&#8243; _module_preset=&#8221;default&#8221; custom_button=&#8221;on&#8221; button_text_size=&#8221;28px&#8221; button_text_color=&#8221;#FFFFFF&#8221; button_bg_color=&#8221;#157176&#8243; button_border_color=&#8221;#157176&#8243; button_border_radius=&#8221;27px&#8221; button_font=&#8221;|700|||||||&#8221; custom_margin=&#8221;14px|||||&#8221; hover_enabled=&#8221;0&#8243; button_text_size_tablet=&#8221;28px&#8221; button_text_size_phone=&#8221;20px&#8221; button_text_size_last_edited=&#8221;on|phone&#8221; global_colors_info=&#8221;{}&#8221; button_text_color__hover_enabled=&#8221;on|hover&#8221; button_text_color__hover=&#8221;#FFFFFF&#8221; button_bg_color__hover_enabled=&#8221;on|hover&#8221; button_bg_color__hover=&#8221;#A6672E&#8221; button_bg_enable_color__hover=&#8221;on&#8221; button_border_color__hover_enabled=&#8221;on|hover&#8221; button_border_color__hover=&#8221;#A6672E&#8221; disabled=&#8221;on&#8221; sticky_enabled=&#8221;0&#8243;][\/et_pb_button][et_pb_button button_url=&#8221;https:\/\/www.hbatools.com.br\/LoginAreaInscrito\/Login\/2252&#8243; url_new_window=&#8221;on&#8221; button_text=&#8221;ACOMPANHE O STATUS DO TRABALHO J\u00c1 SUBMETIDO&#8221; button_alignment=&#8221;center&#8221; disabled_on=&#8221;off|off|off&#8221; _builder_version=&#8221;4.27.4&#8243; _module_preset=&#8221;default&#8221; custom_button=&#8221;on&#8221; button_text_size=&#8221;28px&#8221; button_text_color=&#8221;#FFFFFF&#8221; button_bg_color=&#8221;#A6672E&#8221; button_border_color=&#8221;#A6672E&#8221; button_border_radius=&#8221;27px&#8221; button_font=&#8221;|700|||||||&#8221; custom_margin=&#8221;14px|||||&#8221; button_text_size_tablet=&#8221;28px&#8221; button_text_size_phone=&#8221;20px&#8221; button_text_size_last_edited=&#8221;on|phone&#8221; global_colors_info=&#8221;{}&#8221; button_text_color__hover_enabled=&#8221;on|hover&#8221; button_text_color__hover=&#8221;#FFFFFF&#8221; button_bg_color__hover_enabled=&#8221;on|hover&#8221; button_bg_color__hover=&#8221;#157176&#8243; button_bg_enable_color__hover=&#8221;on&#8221; button_border_color__hover_enabled=&#8221;on|hover&#8221; button_border_color__hover=&#8221;#157176&#8243;][\/et_pb_button][\/et_pb_column][\/et_pb_row][\/et_pb_section]\n","protected":false},"excerpt":{"rendered":"<p><div class=\"su-table su-table-alternate\"><\/div> 16\/06\/2025 Data limite para submiss\u00e3o de resumo para sess\u00e3o de p\u00f4steres ou sess\u00e3o oral. 25\/06\/2025 Data limite para Comiss\u00e3o Cient\u00edfica enviar parecer e solicitar ressalva aos autores (caso necess\u00e1rio). 30\/06\/2025 Data limite para os Autor(es) enviarem o resumo com as altera\u00e7\u00f5es solicitadas no parecer (se necess\u00e1rio). 07\/07\/2025 Comiss\u00e3o Cient\u00edfica envia comunica\u00e7\u00e3o final aos [&hellip;]<\/p>\n","protected":false},"author":1,"featured_media":0,"parent":0,"menu_order":0,"comment_status":"closed","ping_status":"closed","template":"","meta":{"_et_pb_use_builder":"on","_et_pb_old_content":"","_et_gb_content_width":"","footnotes":""},"class_list":["post-1109","page","type-page","status-publish","hentry"],"_links":{"self":[{"href":"https:\/\/metalogenia.org.br\/2025\/wp-json\/wp\/v2\/pages\/1109","targetHints":{"allow":["GET"]}}],"collection":[{"href":"https:\/\/metalogenia.org.br\/2025\/wp-json\/wp\/v2\/pages"}],"about":[{"href":"https:\/\/metalogenia.org.br\/2025\/wp-json\/wp\/v2\/types\/page"}],"author":[{"embeddable":true,"href":"https:\/\/metalogenia.org.br\/2025\/wp-json\/wp\/v2\/users\/1"}],"replies":[{"embeddable":true,"href":"https:\/\/metalogenia.org.br\/2025\/wp-json\/wp\/v2\/comments?post=1109"}],"version-history":[{"count":9,"href":"https:\/\/metalogenia.org.br\/2025\/wp-json\/wp\/v2\/pages\/1109\/revisions"}],"predecessor-version":[{"id":1493,"href":"https:\/\/metalogenia.org.br\/2025\/wp-json\/wp\/v2\/pages\/1109\/revisions\/1493"}],"wp:attachment":[{"href":"https:\/\/metalogenia.org.br\/2025\/wp-json\/wp\/v2\/media?parent=1109"}],"curies":[{"name":"wp","href":"https:\/\/api.w.org\/{rel}","templated":true}]}}

[et_pb_section fb_built=&#8221;1&#8243; fullwidth=&#8221;on&#8221; _builder_version=&#8221;4.27.4&#8243; _module_preset=&#8221;default&#8221; bottom_divider_color=&#8221;#fbfae8&#8243; bottom_divider_height=&#8221;50px&#8221; global_colors_info=&#8221;{}&#8221;][et_pb_fullwidth_header title=&#8221;CRONOGRAMA&#8221; _builder_version=&#8221;4.27.4&#8243; _module_preset=&#8221;default&#8221; title_font=&#8221;|800|||||||&#8221; title_text_align=&#8221;center&#8221; title_font_size=&#8221;48px&#8221; background_color=&#8221;#157176&#8243; background_image=&#8221;https://metalogenia.org.br/2025/wp-content/uploads/2025/04/topo-pag-internas.jpg&#8221; custom_padding=&#8221;55px||49px|||&#8221; title_font_size_tablet=&#8221;48px&#8221; title_font_size_phone=&#8221;33px&#8221; title_font_size_last_edited=&#8221;on|phone&#8221; title_text_shadow_style=&#8221;preset2&#8243; global_colors_info=&#8221;{}&#8221;][/et_pb_fullwidth_header][/et_pb_section][et_pb_section fb_built=&#8221;1&#8243; _builder_version=&#8221;4.27.4&#8243; _module_preset=&#8221;default&#8221; background_image=&#8221;https://metalogenia.org.br/2025/wp-content/uploads/2025/04/bg-pedra-claro.jpg&#8221; parallax=&#8221;on&#8221; parallax_method=&#8221;off&#8221; background_blend=&#8221;multiply&#8221; custom_padding=&#8221;0px|||||&#8221; global_colors_info=&#8221;{}&#8221;][et_pb_row _builder_version=&#8221;4.27.4&#8243; _module_preset=&#8221;default&#8221; custom_margin=&#8221;||||false|false&#8221; custom_padding=&#8221;||0px||false|false&#8221; global_colors_info=&#8221;{}&#8221;][et_pb_column type=&#8221;4_4&#8243; _builder_version=&#8221;4.27.4&#8243; _module_preset=&#8221;default&#8221; global_colors_info=&#8221;{}&#8221;][et_pb_divider color=&#8221;#D99848&#8243; divider_weight=&#8221;6px&#8221; _builder_version=&#8221;4.27.4&#8243; _module_preset=&#8221;default&#8221; custom_margin=&#8221;-27px||||false|false&#8221; custom_padding=&#8221;0px||0px||false|false&#8221; global_colors_info=&#8221;{}&#8221;][/et_pb_divider][/et_pb_column][/et_pb_row][et_pb_row disabled_on=&#8221;off|off|off&#8221; _builder_version=&#8221;4.25.1&#8243; _module_preset=&#8221;default&#8221; custom_padding=&#8221;6px|||||&#8221; global_colors_info=&#8221;{}&#8221;][et_pb_column type=&#8221;4_4&#8243; _builder_version=&#8221;4.23.1&#8243; _module_preset=&#8221;default&#8221; global_colors_info=&#8221;{}&#8221;][et_pb_text _builder_version=&#8221;4.27.4&#8243; _module_preset=&#8221;default&#8221; text_font=&#8221;|600|||||||&#8221; text_font_size=&#8221;17px&#8221; custom_padding=&#8221;42px|||||&#8221; global_colors_info=&#8221;{}&#8221;]
<div class="su-table su-table-alternate">
<table>
<tbody>
<tr>
<td style="text-align: center;width: 106px"><strong>16/06/2025</strong></td>
<td style="text-align: center">Data limite para submissão de resumo para sessão de pôsteres ou sessão oral.</td>
</tr>
<tr>
<td style="text-align: center;width: 106px"><strong>25/06/2025</strong></td>
<td style="text-align: center">Data limite para Comissão Científica enviar parecer e solicitar ressalva aos autores (caso necessário).</td>
</tr>
<tr>
<td style="text-align: center;width: 106px"><strong>30/06/2025</strong></td>
<td style="text-align: center">Data limite para os Autor(es) enviarem o resumo com as alterações solicitadas no parecer (se necessário).</td>
</tr>
<tr>
<td style="text-align: center;width: 106px"><strong>07/07/2025</strong></td>
<td style="text-align: center">Comissão Científica envia comunicação final aos autores com informe dos trabalhos aprovados e reprovados e a forma de apresentação (oral/pôster).</td>
</tr>
<tr>
<td style="text-align: center;width: 106px"><strong>14/07/2025</strong></td>
<td style="text-align: center">Data limite para pagamento da Taxa de Inscrição pelos apresentadores que tiveram o trabalho aceito para que o mesmo seja inserido na Programação do Simpósio.</td>
</tr>
<tr>
<td style="text-align: center;width: 106px"><strong>18/07/2025</strong></td>
<td style="text-align: center">Divulgação no site da programação oficial das apresentações orais e pôsteres.</td>
</tr>
</tbody>
</table>
</div>
[/et_pb_text][et_pb_button button_url=&#8221;https://www.hbatools.com.br/__2022&#8243; url_new_window=&#8221;on&#8221; button_text=&#8221;CLIQUE AQUI PARA SUBMETER SEU TRABALHO&#8221; button_alignment=&#8221;center&#8221; disabled_on=&#8221;on|on|on&#8221; _builder_version=&#8221;4.27.4&#8243; _module_preset=&#8221;default&#8221; custom_button=&#8221;on&#8221; button_text_size=&#8221;28px&#8221; button_text_color=&#8221;#FFFFFF&#8221; button_bg_color=&#8221;#157176&#8243; button_border_color=&#8221;#157176&#8243; button_border_radius=&#8221;27px&#8221; button_font=&#8221;|700|||||||&#8221; custom_margin=&#8221;14px|||||&#8221; hover_enabled=&#8221;0&#8243; button_text_size_tablet=&#8221;28px&#8221; button_text_size_phone=&#8221;20px&#8221; button_text_size_last_edited=&#8221;on|phone&#8221; global_colors_info=&#8221;{}&#8221; button_text_color__hover_enabled=&#8221;on|hover&#8221; button_text_color__hover=&#8221;#FFFFFF&#8221; button_bg_color__hover_enabled=&#8221;on|hover&#8221; button_bg_color__hover=&#8221;#A6672E&#8221; button_bg_enable_color__hover=&#8221;on&#8221; button_border_color__hover_enabled=&#8221;on|hover&#8221; button_border_color__hover=&#8221;#A6672E&#8221; disabled=&#8221;on&#8221; sticky_enabled=&#8221;0&#8243;][/et_pb_button][et_pb_button button_url=&#8221;https://www.hbatools.com.br/LoginAreaInscrito/Login/2252&#8243; url_new_window=&#8221;on&#8221; button_text=&#8221;ACOMPANHE O STATUS DO TRABALHO JÁ SUBMETIDO&#8221; button_alignment=&#8221;center&#8221; disabled_on=&#8221;off|off|off&#8221; _builder_version=&#8221;4.27.4&#8243; _module_preset=&#8221;default&#8221; custom_button=&#8221;on&#8221; button_text_size=&#8221;28px&#8221; button_text_color=&#8221;#FFFFFF&#8221; button_bg_color=&#8221;#A6672E&#8221; button_border_color=&#8221;#A6672E&#8221; button_border_radius=&#8221;27px&#8221; button_font=&#8221;|700|||||||&#8221; custom_margin=&#8221;14px|||||&#8221; button_text_size_tablet=&#8221;28px&#8221; button_text_size_phone=&#8221;20px&#8221; button_text_size_last_edited=&#8221;on|phone&#8221; global_colors_info=&#8221;{}&#8221; button_text_color__hover_enabled=&#8221;on|hover&#8221; button_text_color__hover=&#8221;#FFFFFF&#8221; button_bg_color__hover_enabled=&#8221;on|hover&#8221; button_bg_color__hover=&#8221;#157176&#8243; button_bg_enable_color__hover=&#8221;on&#8221; button_border_color__hover_enabled=&#8221;on|hover&#8221; button_border_color__hover=&#8221;#157176&#8243;][/et_pb_button][/et_pb_column][/et_pb_row][/et_pb_section]

<p><div class="su-table su-table-alternate"></div> 16/06/2025 Data limite para submissão de resumo para sessão de pôsteres ou sessão oral. 25/06/2025 Data limite para Comissão Científica enviar parecer e solicitar ressalva aos autores (caso necessário). 30/06/2025 Data limite para os Autor(es) enviarem o resumo com as alterações solicitadas no parecer (se necessário). 07/07/2025 Comissão Científica envia comunicação final aos [&hellip;]</p>
