{"id":1102,"date":"2025-04-14T11:12:23","date_gmt":"2025-04-14T11:12:23","guid":{"rendered":"https:\/\/metalogenia.org.br\/2025\/?page_id=1102"},"modified":"2025-06-27T13:59:45","modified_gmt":"2025-06-27T13:59:45","slug":"informacoes-gerais","status":"publish","type":"page","link":"https:\/\/metalogenia.org.br\/2025\/informacoes-gerais\/","title":{"rendered":"Informa\u00e7\u00f5es Gerais"},"content":{"rendered":"[et_pb_section fb_built=&#8221;1&#8243; fullwidth=&#8221;on&#8221; _builder_version=&#8221;4.27.4&#8243; _module_preset=&#8221;default&#8221; bottom_divider_color=&#8221;#fbfae8&#8243; bottom_divider_height=&#8221;50px&#8221; global_colors_info=&#8221;{}&#8221;][et_pb_fullwidth_header title=&#8221;INFORMA\u00c7\u00d5ES GERAIS&#8221; _builder_version=&#8221;4.27.4&#8243; _module_preset=&#8221;default&#8221; title_font=&#8221;|800|||||||&#8221; title_text_align=&#8221;center&#8221; title_font_size=&#8221;48px&#8221; background_color=&#8221;#157176&#8243; background_image=&#8221;https:\/\/metalogenia.org.br\/2025\/wp-content\/uploads\/2025\/04\/topo-pag-internas.jpg&#8221; custom_padding=&#8221;55px||49px|||&#8221; title_font_size_tablet=&#8221;48px&#8221; title_font_size_phone=&#8221;33px&#8221; title_font_size_last_edited=&#8221;on|phone&#8221; title_text_shadow_style=&#8221;preset2&#8243; global_colors_info=&#8221;{}&#8221;][\/et_pb_fullwidth_header][\/et_pb_section][et_pb_section fb_built=&#8221;1&#8243; _builder_version=&#8221;4.27.4&#8243; _module_preset=&#8221;default&#8221; background_image=&#8221;https:\/\/metalogenia.org.br\/2025\/wp-content\/uploads\/2025\/04\/bg-pedra-claro.jpg&#8221; parallax=&#8221;on&#8221; parallax_method=&#8221;off&#8221; background_blend=&#8221;multiply&#8221; custom_padding=&#8221;0px|||||&#8221; global_colors_info=&#8221;{}&#8221;][et_pb_row _builder_version=&#8221;4.27.4&#8243; _module_preset=&#8221;default&#8221; custom_margin=&#8221;||||false|false&#8221; custom_padding=&#8221;||0px||false|false&#8221; global_colors_info=&#8221;{}&#8221;][et_pb_column type=&#8221;4_4&#8243; _builder_version=&#8221;4.27.4&#8243; _module_preset=&#8221;default&#8221; global_colors_info=&#8221;{}&#8221;][et_pb_divider color=&#8221;#D99848&#8243; divider_weight=&#8221;6px&#8221; _builder_version=&#8221;4.27.4&#8243; _module_preset=&#8221;default&#8221; custom_margin=&#8221;-27px||||false|false&#8221; custom_padding=&#8221;0px||0px||false|false&#8221; global_colors_info=&#8221;{}&#8221;][\/et_pb_divider][\/et_pb_column][\/et_pb_row][et_pb_row _builder_version=&#8221;4.27.4&#8243; _module_preset=&#8221;default&#8221; custom_padding=&#8221;30px||||false|false&#8221; global_colors_info=&#8221;{}&#8221;][et_pb_column type=&#8221;4_4&#8243; _builder_version=&#8221;4.27.4&#8243; _module_preset=&#8221;default&#8221; global_colors_info=&#8221;{}&#8221;][et_pb_text _builder_version=&#8221;4.27.4&#8243; _module_preset=&#8221;default&#8221; link_text_color=&#8221;#157176&#8243; header_text_color=&#8221;#A6672E&#8221; header_2_text_color=&#8221;#A6672E&#8221; header_2_font_size=&#8221;22px&#8221; hover_enabled=&#8221;0&#8243; global_colors_info=&#8221;{}&#8221; sticky_enabled=&#8221;0&#8243;]\n<h2><strong>LOCAL DE REALIZA\u00c7\u00c3O<\/strong><\/h2>\n<p><strong>Fiesta Bahia Hotel<br \/><\/strong><a href=\"https:\/\/www.google.com\/search?sca_esv=89bf5c8dfd0dab45&amp;q=fiesta+bahia+hotel+endere%C3%A7o&amp;ludocid=8004476998215755399&amp;sa=X&amp;ved=2ahUKEwj20rmT18iMAxWBLLkGHePqIskQ6BN6BAg7EAI\"><strong>Endere\u00e7o<\/strong><\/a><strong>:\u00a0<\/strong>Av. Ant\u00f4nio Carlos Magalh\u00e3es, 741 &#8211; Itaigara, Salvador &#8211; BA, 41825-000<br \/><strong>Telefone:\u00a0<\/strong><a href=\"tel:7133520000\">(71) 3352-0000<\/a><br \/><a href=\"https:\/\/fiestahotel.com.br\/\" target=\"_blank\" rel=\"noopener\">https:\/\/fiestahotel.com.br\/<\/a><\/p>\n<p>&nbsp;<\/p>\n<h2>PASSAGENS A\u00c9REAS E HOSPEDAGENS<\/h2>\n<p>Pacotes de passagens a\u00e9reas e hospedagens podem ser reservados com a ag\u00eancia oficial do evento:<br \/><strong>Eventus Turismo<\/strong><br \/><strong>Telefone:<\/strong> <a href=\"tel:71999102268\">(71) 99910-2268<\/a><br \/><strong>Site:<\/strong> <a href=\"https:\/\/metalogenia.eventusturismo.com.br\" target=\"_blank\" rel=\"noopener\">metalogenia.eventusturismo.com.br<\/a><\/p>\n<p>&nbsp;<\/p>\n<h2><strong>SECRETARIA<\/strong><\/h2>\n<p>Funcionar\u00e1 nos hor\u00e1rios descritos abaixo, para atendimento, esclarecimentos e informa\u00e7\u00f5es.<\/p>\n<ul>\n<li>\u00a017\/08\/2025 &#8211; Domingo &#8211; 17:00 \u00e0s 20:00<\/li>\n<li>18\/08\/2025 &#8211; Segunda-feira &#8211; 08:00 \u00e0s 18:30<\/li>\n<li>19\/08\/2025 &#8211; Ter\u00e7a-feira &#8211; 08:00 \u00e0s 18:30<\/li>\n<li>20\/08\/2025 &#8211; Quarta-feira &#8211; 08:00 \u00e0s 17:30<\/li>\n<\/ul>\n<p>&nbsp;<\/p>\n<h2><strong>CREDENCIAMENTO E ENTREGA DE MATERIAL<\/strong><\/h2>\n<p>Para retirada do material ser\u00e1 necess\u00e1rio a apresenta\u00e7\u00e3o de um documento de identifica\u00e7\u00e3o com foto. N\u00e3o ser\u00e1 permitida a retirada de material de outro participante sem a autoriza\u00e7\u00e3o por escrito e assinada pelo mesmo.<\/p>\n<p>&nbsp;<\/p>\n<h2><strong>CREDENCIAL<\/strong><\/h2>\n<p>\u00c9 necess\u00e1rio o uso permanente da credencial para acesso \u00e0s atividades do Simp\u00f3sio, por quest\u00f5es de seguran\u00e7a. Solicitamos aten\u00e7\u00e3o quanto \u00e0 guarda do mesmo, pois ser\u00e1 cobrado o valor de R$ 50,00 (cinquenta reais), para emiss\u00e3o de segunda via do crach\u00e1.<\/p>\n<p>&nbsp;<\/p>\n<h2><strong>MEDIA DESK<\/strong><\/h2>\n<p>Os Conferencistas e apresentadores de trabalhos dever\u00e3o dirigir-se \u00e0 sala de Media Desk para teste e organiza\u00e7\u00e3o do material a ser apresentado durante as sess\u00f5es, com anteced\u00eancia m\u00ednima de 1 (uma) hora da apresenta\u00e7\u00e3o.<\/p>\n<p>&nbsp;<\/p>\n<h2><strong>CERTIFICADOS<\/strong><\/h2>\n<p>Os certificados eletr\u00f4nicos de participa\u00e7\u00e3o no Simp\u00f3sio estar\u00e3o dispon\u00edveis a partir do dia 25\/08\/2025, para impress\u00e3o. Acesse o site do evento, visualize sua inscri\u00e7\u00e3o, abra o link para impress\u00e3o do certificado.<\/p>\n<p>&nbsp;<\/p>\n<h2><strong>ANAIS ONLINE<\/strong><\/h2>\n<p>Os Anais com os resumos dos trabalhos ser\u00e3o disponibilizados ap\u00f3s a realiza\u00e7\u00e3o do evento, no formato eletr\u00f4nico no site do Simp\u00f3sio.<\/p>\n[\/et_pb_text][\/et_pb_column][\/et_pb_row][\/et_pb_section]\n","protected":false},"excerpt":{"rendered":"<p>LOCAL DE REALIZA\u00c7\u00c3O Fiesta Bahia HotelEndere\u00e7o:\u00a0Av. Ant\u00f4nio Carlos Magalh\u00e3es, 741 &#8211; Itaigara, Salvador &#8211; BA, 41825-000Telefone:\u00a0(71) 3352-0000https:\/\/fiestahotel.com.br\/ &nbsp; PASSAGENS A\u00c9REAS E HOSPEDAGENS Pacotes de passagens a\u00e9reas e hospedagens podem ser reservados com a ag\u00eancia oficial do evento:Eventus TurismoTelefone: (71) 99910-2268Site: metalogenia.eventusturismo.com.br &nbsp; SECRETARIA Funcionar\u00e1 nos hor\u00e1rios descritos abaixo, para atendimento, esclarecimentos e informa\u00e7\u00f5es. \u00a017\/08\/2025 &#8211; [&hellip;]<\/p>\n","protected":false},"author":1,"featured_media":0,"parent":0,"menu_order":0,"comment_status":"closed","ping_status":"closed","template":"","meta":{"_et_pb_use_builder":"on","_et_pb_old_content":"","_et_gb_content_width":"","footnotes":""},"class_list":["post-1102","page","type-page","status-publish","hentry"],"_links":{"self":[{"href":"https:\/\/metalogenia.org.br\/2025\/wp-json\/wp\/v2\/pages\/1102","targetHints":{"allow":["GET"]}}],"collection":[{"href":"https:\/\/metalogenia.org.br\/2025\/wp-json\/wp\/v2\/pages"}],"about":[{"href":"https:\/\/metalogenia.org.br\/2025\/wp-json\/wp\/v2\/types\/page"}],"author":[{"embeddable":true,"href":"https:\/\/metalogenia.org.br\/2025\/wp-json\/wp\/v2\/users\/1"}],"replies":[{"embeddable":true,"href":"https:\/\/metalogenia.org.br\/2025\/wp-json\/wp\/v2\/comments?post=1102"}],"version-history":[{"count":11,"href":"https:\/\/metalogenia.org.br\/2025\/wp-json\/wp\/v2\/pages\/1102\/revisions"}],"predecessor-version":[{"id":1471,"href":"https:\/\/metalogenia.org.br\/2025\/wp-json\/wp\/v2\/pages\/1102\/revisions\/1471"}],"wp:attachment":[{"href":"https:\/\/metalogenia.org.br\/2025\/wp-json\/wp\/v2\/media?parent=1102"}],"curies":[{"name":"wp","href":"https:\/\/api.w.org\/{rel}","templated":true}]}}

Informações Gerais

[et_pb_section fb_built=&#8221;1&#8243; fullwidth=&#8221;on&#8221; _builder_version=&#8221;4.27.4&#8243; _module_preset=&#8221;default&#8221; bottom_divider_color=&#8221;#fbfae8&#8243; bottom_divider_height=&#8221;50px&#8221; global_colors_info=&#8221;{}&#8221;][et_pb_fullwidth_header title=&#8221;INFORMAÇÕES GERAIS&#8221; _builder_version=&#8221;4.27.4&#8243; _module_preset=&#8221;default&#8221; title_font=&#8221;|800|||||||&#8221; title_text_align=&#8221;center&#8221; title_font_size=&#8221;48px&#8221; background_color=&#8221;#157176&#8243; background_image=&#8221;https://metalogenia.org.br/2025/wp-content/uploads/2025/04/topo-pag-internas.jpg&#8221; custom_padding=&#8221;55px||49px|||&#8221; title_font_size_tablet=&#8221;48px&#8221; title_font_size_phone=&#8221;33px&#8221; title_font_size_last_edited=&#8221;on|phone&#8221; title_text_shadow_style=&#8221;preset2&#8243; global_colors_info=&#8221;{}&#8221;][/et_pb_fullwidth_header][/et_pb_section][et_pb_section fb_built=&#8221;1&#8243; _builder_version=&#8221;4.27.4&#8243; _module_preset=&#8221;default&#8221; background_image=&#8221;https://metalogenia.org.br/2025/wp-content/uploads/2025/04/bg-pedra-claro.jpg&#8221; parallax=&#8221;on&#8221; parallax_method=&#8221;off&#8221; background_blend=&#8221;multiply&#8221; custom_padding=&#8221;0px|||||&#8221; global_colors_info=&#8221;{}&#8221;][et_pb_row _builder_version=&#8221;4.27.4&#8243; _module_preset=&#8221;default&#8221; custom_margin=&#8221;||||false|false&#8221; custom_padding=&#8221;||0px||false|false&#8221; global_colors_info=&#8221;{}&#8221;][et_pb_column type=&#8221;4_4&#8243; _builder_version=&#8221;4.27.4&#8243; _module_preset=&#8221;default&#8221; global_colors_info=&#8221;{}&#8221;][et_pb_divider color=&#8221;#D99848&#8243; divider_weight=&#8221;6px&#8221; _builder_version=&#8221;4.27.4&#8243; _module_preset=&#8221;default&#8221; custom_margin=&#8221;-27px||||false|false&#8221; custom_padding=&#8221;0px||0px||false|false&#8221; global_colors_info=&#8221;{}&#8221;][/et_pb_divider][/et_pb_column][/et_pb_row][et_pb_row _builder_version=&#8221;4.27.4&#8243; _module_preset=&#8221;default&#8221; custom_padding=&#8221;30px||||false|false&#8221; global_colors_info=&#8221;{}&#8221;][et_pb_column type=&#8221;4_4&#8243; _builder_version=&#8221;4.27.4&#8243; _module_preset=&#8221;default&#8221; global_colors_info=&#8221;{}&#8221;][et_pb_text _builder_version=&#8221;4.27.4&#8243; _module_preset=&#8221;default&#8221; link_text_color=&#8221;#157176&#8243; header_text_color=&#8221;#A6672E&#8221; header_2_text_color=&#8221;#A6672E&#8221; header_2_font_size=&#8221;22px&#8221; hover_enabled=&#8221;0&#8243; global_colors_info=&#8221;{}&#8221; sticky_enabled=&#8221;0&#8243;]
<h2><strong>LOCAL DE REALIZAÇÃO</strong></h2>
<p><strong>Fiesta Bahia Hotel<br /></strong><a href="https://www.google.com/search?sca_esv=89bf5c8dfd0dab45&amp;q=fiesta+bahia+hotel+endere%C3%A7o&amp;ludocid=8004476998215755399&amp;sa=X&amp;ved=2ahUKEwj20rmT18iMAxWBLLkGHePqIskQ6BN6BAg7EAI"><strong>Endereço</strong></a><strong>: </strong>Av. Antônio Carlos Magalhães, 741 &#8211; Itaigara, Salvador &#8211; BA, 41825-000<br /><strong>Telefone: </strong><a href="tel:7133520000">(71) 3352-0000</a><br /><a href="https://fiestahotel.com.br/" target="_blank" rel="noopener">https://fiestahotel.com.br/</a></p>
<p>&nbsp;</p>
<h2>PASSAGENS AÉREAS E HOSPEDAGENS</h2>
<p>Pacotes de passagens aéreas e hospedagens podem ser reservados com a agência oficial do evento:<br /><strong>Eventus Turismo</strong><br /><strong>Telefone:</strong> <a href="tel:71999102268">(71) 99910-2268</a><br /><strong>Site:</strong> <a href="https://metalogenia.eventusturismo.com.br" target="_blank" rel="noopener">metalogenia.eventusturismo.com.br</a></p>
<p>&nbsp;</p>
<h2><strong>SECRETARIA</strong></h2>
<p>Funcionará nos horários descritos abaixo, para atendimento, esclarecimentos e informações.</p>
<ul>
<li> 17/08/2025 &#8211; Domingo &#8211; 17:00 às 20:00</li>
<li>18/08/2025 &#8211; Segunda-feira &#8211; 08:00 às 18:30</li>
<li>19/08/2025 &#8211; Terça-feira &#8211; 08:00 às 18:30</li>
<li>20/08/2025 &#8211; Quarta-feira &#8211; 08:00 às 17:30</li>
</ul>
<p>&nbsp;</p>
<h2><strong>CREDENCIAMENTO E ENTREGA DE MATERIAL</strong></h2>
<p>Para retirada do material será necessário a apresentação de um documento de identificação com foto. Não será permitida a retirada de material de outro participante sem a autorização por escrito e assinada pelo mesmo.</p>
<p>&nbsp;</p>
<h2><strong>CREDENCIAL</strong></h2>
<p>É necessário o uso permanente da credencial para acesso às atividades do Simpósio, por questões de segurança. Solicitamos atenção quanto à guarda do mesmo, pois será cobrado o valor de R$ 50,00 (cinquenta reais), para emissão de segunda via do crachá.</p>
<p>&nbsp;</p>
<h2><strong>MEDIA DESK</strong></h2>
<p>Os Conferencistas e apresentadores de trabalhos deverão dirigir-se à sala de Media Desk para teste e organização do material a ser apresentado durante as sessões, com antecedência mínima de 1 (uma) hora da apresentação.</p>
<p>&nbsp;</p>
<h2><strong>CERTIFICADOS</strong></h2>
<p>Os certificados eletrônicos de participação no Simpósio estarão disponíveis a partir do dia 25/08/2025, para impressão. Acesse o site do evento, visualize sua inscrição, abra o link para impressão do certificado.</p>
<p>&nbsp;</p>
<h2><strong>ANAIS ONLINE</strong></h2>
<p>Os Anais com os resumos dos trabalhos serão disponibilizados após a realização do evento, no formato eletrônico no site do Simpósio.</p>
[/et_pb_text][/et_pb_column][/et_pb_row][/et_pb_section]

<p>LOCAL DE REALIZAÇÃO Fiesta Bahia HotelEndereço: Av. Antônio Carlos Magalhães, 741 &#8211; Itaigara, Salvador &#8211; BA, 41825-000Telefone: (71) 3352-0000https://fiestahotel.com.br/ &nbsp; PASSAGENS AÉREAS E HOSPEDAGENS Pacotes de passagens aéreas e hospedagens podem ser reservados com a agência oficial do evento:Eventus TurismoTelefone: (71) 99910-2268Site: metalogenia.eventusturismo.com.br &nbsp; SECRETARIA Funcionará nos horários descritos abaixo, para atendimento, esclarecimentos e informações.  17/08/2025 &#8211; [&hellip;]</p>
